 -3*w + 5*a + p, -60 = -4*w - 2*a + 60. What is the remainder when w is divided by 15?
14
Let h(r) = -35*r**2 + 7*r - 6 - 12*r + 42*r**2. What is the remainder when h(-1) is divided by 2?
0
Suppose 7*s = 2*s + 2*i - 9431, 3*i + 3761 = -2*s. Calculate the remainder when 369 is divided by 4/(-30) - (s/75 + -6).
28
Suppose -2*j = -66 - 10. Let k = j + -29. What is the remainder when (6/4)/((-1)/(-16)) is divided by k?
6
Suppose -4*u - o = -382, 0 = -10*u + 12*u - 3*o - 184. What is the remainder when 565 is divided by u?
90
What is the remainder when 71 is divided by ((-9)/(-4))/((-39)/(-208)) - -1?
6
Suppose 2*o - 66 = -5*c, -66 = -4*c - 3*o - 16. Let w = -7 + c. Calculate the remainder when (7/(280/144))/(4/30) is divided by w.
6
Suppose -48 + 196 = 4*i. Calculate the remainder when 443 is divided by i.
36
Let y = 833 - 709. What is the remainder when y is divided by 19?
10
Suppose -4*c - 9 + 21 = 0, 4*j + c - 7 = 0. Calculate the remainder when 4 is divided by j.
0
What is the remainder when (-156)/(-2)*5/(-5 + 10) is divided by 8?
6
Let j(u) = 33*u**2 - u + 1. Calculate the remainder when j(1) is divided by (-66)/(-14) - 2*(-6)/42.
3
Suppose -5*l + 3779 = -11*k + 10*k, -4*l + 3020 = -4*k. What is the remainder when l is divided by 23?
20
Suppose 4*f = -4*f + 160. What is the remainder when (-148)/6*18/(-12) is divided by f?
17
Suppose -6 = -k - 0*k. Suppose 94 + 27 = 11*a. Calculate the remainder when a is divided by k.
5
Suppose -5*o - 2*o + 1442 = 0. What is the remainder when o is divided by 35?
31
Suppose -26*n = -5681 - 611. Calculate the remainder when n is divided by 19.
14
Let p(i) = 2*i**3 - 12*i**2 - 6*i - 2. Let y be p(6). Let z = 94 + y. Calculate the remainder when z is divided by 3.
2
Suppose v = 9 + 14. Calculate the remainder when v is divided by 6/(-21) - ((-120)/(-70) + -10).
7
Suppose 2*c - 2 = -5*f, 4*f - 3*c + 3 = -0. Suppose f = -5*o + o. Suppose -5*b + 3*b + 22 = o. What is the remainder when 40 is divided by b?
7
Suppose -4436 = -5*w + 15*o - 12*o, 4*o = 3*w - 2666. Calculate the remainder when w is divided by 7.
4
Let a = -174 + 183. What is the remainder when 134 is divided by a?
8
Let k = 6 + 11. Let w = k + -6. Let r = 20 - 0. Calculate the remainder when r is divided by w.
9
Let y = 48 - 39. Calculate the remainder when 121 is divided by 366/y + 2/6.
39
Let s be (-4 + 4)*(-2)/4. Suppose 5*n + s*n = 105. Calculate the remainder when 61 is divided by n.
19
Let w be (-3)/6*-3*2. Suppose -w = -i + 9. Calculate the remainder when i is divided by 5.
2
Suppose 6*o = -6*o + 108. What is the remainder when 85 is divided by o?
4
Let t(z) = 4*z**2 - 3*z + 3. Suppose -a = -0*o - 3*o + 1083, 2*a - 2*o + 2186 = 0. Calculate the remainder when a/(-30) + 2/5 is divided by t(2).
11
Suppose -4*b + 143 + 21 = 3*u, 4*b + 5*u - 172 = 0. Let i = 1054 - 980. Calculate the remainder when i is divided by b.
36
Let o(a) = 857*a**2 + a - 2. Let d be o(1). Suppose 899 = 13*i - d. What is the remainder when i is divided by 35?
30
Let j(q) be the first derivative of q**2/2 + 18*q + 17. Calculate the remainder when 1 is divided by j(-17).
0
What is the remainder when (-23)/(-2)*14/7 is divided by 12?
11
Let m = -540 + 561. What is the remainder when 59 is divided by m?
17
Let h(g) = g**2 - 16*g + 66. What is the remainder when 155 is divided by h(12)?
11
Let y(n) = 63*n**2 + 306*n + 3. What is the remainder when y(-6) is divided by 47?
12
Let p(i) = -3*i**3 - 76*i**2 - 29*i - 52. Calculate the remainder when p(-25) is divided by 48.
0
Let m(y) = y**3 + 7*y**2 + 5*y - 6. Let n be m(-6). Calculate the remainder when n/(-2) - (-630)/10 is divided by 22.
19
Suppose -3*s = -34 - 59. Calculate the remainder when s is divided by 6.
1
Suppose a - 9 = 11. Let y(i) = 2*i**2 + 1 + 0*i**2 + 6*i - 2. What is the remainder when y(5) is divided by a?
19
Let k be (1 - -1)*46/4. Let i = k - 37. Let n = i - -18. What is the remainder when 10 is divided by n?
2
Let p(k) = -17*k - 79. Calculate the remainder when p(-9) is divided by 56.
18
Suppose -24*y + 375 = -9*y. Let n(z) = -14*z. Calculate the remainder when y is divided by n(-1).
11
What is the remainder when 181 is divided by (-5)/3 + ((-2190)/9)/(-5)?
40
Suppose -3*z - z - 56 = -l, 0 = 4*l - z - 224. Calculate the remainder when l is divided by 23.
10
Let s(g) = 3*g**2 + 13*g + 3. What is the remainder when 294 is divided by s(-6)?
30
Let y(t) = -26*t**3 - 6*t - 5. What is the remainder when 158 is divided by y(-1)?
23
Let j = -17 - -20. Suppose -z + 2*b = -198, 2*z + 189 = j*z + b. Calculate the remainder when z is divided by 13.
10
Suppose z + 4 = 3*u - 1, u = 2*z. Let f(x) = -x**2 - 16*x + 2. What is the remainder when u is divided by f(-16)?
0
Let s = 301 + -73. Suppose -5*p = 2*z - s, 0*z - p = z - 111. What is the remainder when z is divided by 28?
25
Let v be 1/(-2) - (-21)/6. Suppose 0 = -8*q + v*q + 175. Let n(y) = 2*y**2. What is the remainder when q is divided by n(-3)?
17
Suppose 130 = 55*m - 45*m. Suppose -224 = -s - 3*s. Suppose 4*l - 156 = -s. Calculate the remainder when l is divided by m.
12
Let m be ((-106)/6)/(13/(-39)) + 1. Suppose -m = -5*p + 21. What is the remainder when 59 is divided by p?
14
Suppose 18 = 2*p - 3*m, -3*p - m + 6*m = -27. Let b = 11 - p. Let o(q) = q**3 - q**2 + 2*q + 1. Calculate the remainder when 24 is divided by o(b).
6
Let z(k) = -28*k - 15. Let l be (18/(-15))/(4 - 74/20). What is the remainder when z(l) is divided by 14?
13
Let p be 4/10 - 18/(-5). Suppose 337 - 30 = 5*q - p*t, -5*q + 3*t = -309. Calculate the remainder when q is divided by 13.
11
Let u = -36 + 54. Let h(z) = 2*z**2 + 3*z - 9. What is the remainder when u is divided by h(-4)?
7
Let o(g) = g - 4. Let j(l) = -3*l**3 - 2*l**2 + 3*l - 3. Let d be j(2). Let u = -17 - d. What is the remainder when 21 is divided by o(u)?
5
Suppose 0 = -4*g + 5*g - 4. Let z = g + 8. Calculate the remainder when 95 is divided by z.
11
Let b(v) = v**3 + 8*v**2 + 5*v - 12. Let g = -5 - 2. Calculate the remainder when 5 is divided by b(g).
1
Suppose 4*t + 4*t - 160 = 0. What is the remainder when (t - 0)/(-4) + 91 is divided by 15?
11
Let t(k) = 9*k**2 - 31*k + 7. Let o be t(4). Let f be -2*(2 + -1)*-2. Suppose -13 = -f*u + o. What is the remainder when 24 is divided by u?
4
Let b(t) = 13*t + 21. Let q be b(8). Let y = -83 + q. Calculate the remainder when y is divided by 9.
6
Let w = -3 + 5. Suppose -w*i - 20 = -3*t, 2*i = -3*i - t - 67. Let p = 16 + i. Calculate the remainder when p is divided by 2.
1
Calculate the remainder when 922 is divided by 8/2 + (245 - 94).
147
Suppose 0 = 4*v - v - 48. Let u(m) = -44*m**3 - m**2 - 8*m - 7. What is the remainder when u(-1) is divided by v?
12
Let t(q) = 5*q**3 - 2*q**2 + 1. Let k be t(1). Suppose -g = -26 - k. What is the remainder when (g/7)/((-6)/(-42)) is divided by 8?
6
Let l be (-1 + -2 - 0) + 12. Suppose 0 = 3*o + 2*o + 60. What is the remainder when 14 is divided by (o/l)/(1/(-6))?
6
Suppose -3*r = -0*r + 3, 2*r = 4*z - 54. Suppose -z*p + 240 = -3*p. Calculate the remainder when 70 is divided by p.
22
Let c be -30*-1*4/8. Let p = c - 11. Suppose -p*g = -7 - 13. Calculate the remainder when 9 is divided by g.
4
Calculate the remainder when (16/(-168)*7)/(4/(-222)) is divided by 8.
5
What is the remainder when 1491/(-284)*1/(-3)*56 is divided by 53?
45
Let n(q) = q**2 + 5*q + 6. Let h be n(-5). Let l(v) = -2*v - 7. What is the remainder when (-106)/(-10) + h/(-10) is divided by l(-5)?
1
Suppose 4 = -9*x + 11*x. Let z(s) = -s**2 + 3*s. Let f be z(x). Suppose 0 = o + u - 9, -u = -f*o + 4*o - 20. What is the remainder when 43 is divided by o?
10
Let t(b) = 3*b**3 + 74*b**2 - 35*b - 11. Calculate the remainder when t(-25) is divided by 35.
29
Suppose 2*o = x + 41, -3*x = 3*o - 12 - 45. Let i = o - 15. What is the remainder when 15 is divided by i?
0
Suppose -275 = -4*g + 3*c, 0 = 8*g - 14*g - 4*c + 404. What is the remainder when g is divided by 19?
11
Let y(t) = 7*t. What is the remainder when 17 is divided by y(1)?
3
Let h = 176 + -140. Calculate the remainder when h is divided by 13.
10
Calculate the remainder when 19 is divided by (0 + -2)/((-6)/9*1).
1
Let o = 166 + -84. Suppose -5*j + o - 22 = 0. Calculate the remainder when 21 is divided by j.
9
Let m be (6/(-9))/((